{"id":2194,"date":"2019-06-12T12:15:20","date_gmt":"2019-06-12T12:15:20","guid":{"rendered":"https:\/\/www.globalkids.dk\/?page_id=2194"},"modified":"2019-08-22T12:28:08","modified_gmt":"2019-08-22T12:28:08","slug":"nafsi-youngsters-fotos","status":"publish","type":"page","link":"https:\/\/www.globalkids.dk\/2019-nafsi-fra-kenya\/nafsi-youngsters-fotos\/","title":{"rendered":"Hvem kommer"},"content":{"rendered":"\n<p>Nafsi Youngsters 2019. <\/p>\n\n\n\n<ul class=\"wp-block-list\"><li>Fotos af gruppens medlemmer nedenfor.<\/li><li>Nafsi har lavet <a rel=\"noreferrer noopener\" aria-label=\"en lille film om gruppen (\u00e5bner i en ny fane)\" href=\"https:\/\/www.globalkids.dk\/?p=2273\" target=\"_blank\">en lille film om gruppen<\/a>, inden de unge forlod Nairobi &#8211; Om forventninger f\u00f8r rejsen, om h\u00e5rd tr\u00e6ning og om livet i slummen.<\/li><\/ul>\n\n\n\n<p><\/p>\n\n\n\n<figure class=\"wp-block-image\"><img loading=\"lazy\" decoding=\"async\" width=\"1024\" height=\"758\" src=\"https:\/\/www.globalkids.dk\/wp-content\/uploads\/2019\/07\/Gruppe-akrobater-red1-1024x758.jpg\" alt=\"\" class=\"wp-image-2243\" srcset=\"https:\/\/www.globalkids.dk\/wp-content\/uploads\/2019\/07\/Gruppe-akrobater-red1-1024x758.jpg 1024w, https:\/\/www.globalkids.dk\/wp-content\/uploads\/2019\/07\/Gruppe-akrobater-red1-300x222.jpg 300w, https:\/\/www.globalkids.dk\/wp-content\/uploads\/2019\/07\/Gruppe-akrobater-red1-768x568.jpg 768w\" sizes=\"auto, (max-width: 1024px) 100vw, 1024px\" \/><figcaption>Nafsi Youngsters 2019<\/figcaption><\/figure>\n\n\n\n<figure class=\"wp-block-image\"><img loading=\"lazy\" decoding=\"async\" width=\"1024\" height=\"683\" src=\"https:\/\/www.globalkids.dk\/wp-content\/uploads\/2019\/07\/Gruppe-akrobater-red3-1024x683.jpg\" alt=\"\" class=\"wp-image-2244\" srcset=\"https:\/\/www.globalkids.dk\/wp-content\/uploads\/2019\/07\/Gruppe-akrobater-red3-1024x683.jpg 1024w, https:\/\/www.globalkids.dk\/wp-content\/uploads\/2019\/07\/Gruppe-akrobater-red3-300x200.jpg 300w, https:\/\/www.globalkids.dk\/wp-content\/uploads\/2019\/07\/Gruppe-akrobater-red3-768x512.jpg 768w\" sizes=\"auto, (max-width: 1024px) 100vw, 1024px\" \/><figcaption>Nafsi Youngsters 2019<\/figcaption><\/figure>\n\n\n\n<figure class=\"wp-block-image\"><img loading=\"lazy\" decoding=\"async\" width=\"1024\" height=\"715\" src=\"https:\/\/www.globalkids.dk\/wp-content\/uploads\/2019\/07\/Gruppe-close-up-red-1024x715.jpg\" alt=\"\" class=\"wp-image-2245\" srcset=\"https:\/\/www.globalkids.dk\/wp-content\/uploads\/2019\/07\/Gruppe-close-up-red-1024x715.jpg 1024w, https:\/\/www.globalkids.dk\/wp-content\/uploads\/2019\/07\/Gruppe-close-up-red-300x209.jpg 300w, https:\/\/www.globalkids.dk\/wp-content\/uploads\/2019\/07\/Gruppe-close-up-red-768x536.jpg 768w\" sizes=\"auto, (max-width: 1024px) 100vw, 1024px\" \/><figcaption>Nafsi Youngsers 2019<\/figcaption><\/figure>\n\n\n\n<figure class=\"wp-block-image\"><img loading=\"lazy\" decoding=\"async\" width=\"1024\" height=\"683\" src=\"https:\/\/www.globalkids.dk\/wp-content\/uploads\/2019\/06\/Johnston-1024x683.jpg\" alt=\"\" class=\"wp-image-2197\" srcset=\"https:\/\/www.globalkids.dk\/wp-content\/uploads\/2019\/06\/Johnston-1024x683.jpg 1024w, https:\/\/www.globalkids.dk\/wp-content\/uploads\/2019\/06\/Johnston-300x200.jpg 300w, https:\/\/www.globalkids.dk\/wp-content\/uploads\/2019\/06\/Johnston-768x512.jpg 768w\" sizes=\"auto, (max-width: 1024px) 100vw, 1024px\" \/><figcaption><strong>Johnston Luvumbi Khalisia<\/strong>  er 10 \u00e5r og akrobat. Han bor sammen med sine for\u00e6ldre og tre s\u00f8skende i  slumomr\u00e5det Kibera, hvor han g\u00e5r i 4. klasse i St. Christine Skole. I  fritiden tr\u00e6ner han akrobatik med Nafsi og kan lide at tegne og spille  fodbold. Han er den yngste i truppen, men det bekymrer ham ikke. \u201dJeg  ved, jeg vil have det godt med de andre\u201d, siger han.<\/figcaption><\/figure>\n\n\n\n<figure class=\"wp-block-image\"><img loading=\"lazy\" decoding=\"async\" width=\"1024\" height=\"761\" src=\"https:\/\/www.globalkids.dk\/wp-content\/uploads\/2019\/06\/Paula-1024x761.jpg\" alt=\"\" class=\"wp-image-2210\" srcset=\"https:\/\/www.globalkids.dk\/wp-content\/uploads\/2019\/06\/Paula-1024x761.jpg 1024w, https:\/\/www.globalkids.dk\/wp-content\/uploads\/2019\/06\/Paula-300x223.jpg 300w, https:\/\/www.globalkids.dk\/wp-content\/uploads\/2019\/06\/Paula-768x571.jpg 768w, https:\/\/www.globalkids.dk\/wp-content\/uploads\/2019\/06\/Paula.jpg 1266w\" sizes=\"auto, (max-width: 1024px) 100vw, 1024px\" \/><figcaption><strong>Paula Wambui Wahner<\/strong>  er 13 \u00e5r og akrobat. Hun bor sammen med sin bror, Henry,&nbsp; og sine  bedstefor\u00e6ldre i Umoja 3, der er en fattig bydel i den \u00f8stlige del af  Nairobi. Paula er en af f\u00e5 piger, der st\u00e6digt holder fast i at tr\u00e6ne  akrobatik, og hun er blevet en del st\u00f8rre og st\u00e6rkere, siden hun sidst  var p\u00e5 turn\u00e9 i 2016. \u201dJeg gl\u00e6der mig til at gense mine venner i Danmark  og til at m\u00f8de nye\u201d, siger hun.<\/figcaption><\/figure>\n\n\n\n<figure class=\"wp-block-image\"><img loading=\"lazy\" decoding=\"async\" width=\"1024\" height=\"683\" src=\"https:\/\/www.globalkids.dk\/wp-content\/uploads\/2019\/06\/Stephen-Njiriri-1024x683.jpg\" alt=\"\" class=\"wp-image-2212\" srcset=\"https:\/\/www.globalkids.dk\/wp-content\/uploads\/2019\/06\/Stephen-Njiriri-1024x683.jpg 1024w, https:\/\/www.globalkids.dk\/wp-content\/uploads\/2019\/06\/Stephen-Njiriri-300x200.jpg 300w, https:\/\/www.globalkids.dk\/wp-content\/uploads\/2019\/06\/Stephen-Njiriri-768x512.jpg 768w\" sizes=\"auto, (max-width: 1024px) 100vw, 1024px\" \/><figcaption><strong>Stephen Njiriri Mutuku<\/strong>  er 13 \u00e5r og akrobat. Han bor sammen med sin mor i Omoja 3 og g\u00e5r i  Busara Skole. Sin fritid bruger han p\u00e5 at tr\u00e6ne akrobatik, og han er  hurtig til at l\u00e6re.&nbsp; N\u00e5r han har tid, vil han gerne spille PlayStation  og se film. Lige nu gl\u00e6der han sig til at rejse. \u201dJeg h\u00e5ber, jeg har  nogle store historier at fort\u00e6lle, n\u00e5r jeg kommer hjem\u201d, siger han.<\/figcaption><\/figure>\n\n\n\n<figure class=\"wp-block-image\"><img loading=\"lazy\" decoding=\"async\" width=\"1024\" height=\"683\" src=\"https:\/\/www.globalkids.dk\/wp-content\/uploads\/2019\/07\/Elizabeth2-1024x683.jpg\" alt=\"\" class=\"wp-image-2247\" srcset=\"https:\/\/www.globalkids.dk\/wp-content\/uploads\/2019\/07\/Elizabeth2-1024x683.jpg 1024w, https:\/\/www.globalkids.dk\/wp-content\/uploads\/2019\/07\/Elizabeth2-300x200.jpg 300w, https:\/\/www.globalkids.dk\/wp-content\/uploads\/2019\/07\/Elizabeth2-768x512.jpg 768w\" sizes=\"auto, (max-width: 1024px) 100vw, 1024px\" \/><figcaption><strong>Elizabeth Nyambura Wambui<\/strong>  er 14 \u00e5r. Hun b\u00e5de danser og laver akrobatik og hun kan lide at opl\u00e6se  digte og litteratur. Hun bor med sin mor og s\u00f8skende i Kibera, hvor hun  g\u00e5r i St Christine Skole. Hun var med p\u00e5 turn\u00e9 i Danmark for tre \u00e5r  siden og blev gl\u00e6deligt overrasket over igen at f\u00e5 lov til at  repr\u00e6sentere Nafsi. \u201dJeg er sikker p\u00e5, at jeg vil f\u00e5 endnu flere venner  denne gang\u201d, siger hun.<\/figcaption><\/figure>\n\n\n\n<figure class=\"wp-block-image\"><img loading=\"lazy\" decoding=\"async\" width=\"1024\" height=\"683\" src=\"https:\/\/www.globalkids.dk\/wp-content\/uploads\/2019\/06\/Amos-Odour-1024x683.jpg\" alt=\"\" class=\"wp-image-2213\" srcset=\"https:\/\/www.globalkids.dk\/wp-content\/uploads\/2019\/06\/Amos-Odour-1024x683.jpg 1024w, https:\/\/www.globalkids.dk\/wp-content\/uploads\/2019\/06\/Amos-Odour-300x200.jpg 300w, https:\/\/www.globalkids.dk\/wp-content\/uploads\/2019\/06\/Amos-Odour-768x512.jpg 768w\" sizes=\"auto, (max-width: 1024px) 100vw, 1024px\" \/><figcaption><strong>Amos Oduor Juma<\/strong> er  19 \u00e5r og en fantastisk akrobat. Han er hurtig til at l\u00e6re, og har vundet  mange priser i skolen. Han bor i Kariobangi South, der er et af  slumomr\u00e5derne i den \u00f8stlige del af Nairobi. Amos har travlt med at g\u00e5 i  gymnasiet og dyrke akrobatik p\u00e5 h\u00f8jt niveau. \u201dJeg havde aldrig  forestillet mig, at jeg kunne komme ud at rejse. Men da min yngre bror  Emmanuel gjorde det, ville jeg ogs\u00e5\u201d.<\/figcaption><\/figure>\n\n\n\n<figure class=\"wp-block-image\"><img loading=\"lazy\" decoding=\"async\" width=\"1024\" height=\"683\" src=\"https:\/\/www.globalkids.dk\/wp-content\/uploads\/2019\/06\/Maria-1024x683.jpg\" alt=\"\" class=\"wp-image-2203\" srcset=\"https:\/\/www.globalkids.dk\/wp-content\/uploads\/2019\/06\/Maria-1024x683.jpg 1024w, https:\/\/www.globalkids.dk\/wp-content\/uploads\/2019\/06\/Maria-300x200.jpg 300w, https:\/\/www.globalkids.dk\/wp-content\/uploads\/2019\/06\/Maria-768x512.jpg 768w\" sizes=\"auto, (max-width: 1024px) 100vw, 1024px\" \/><figcaption><strong>Joan Maria Nyabuto<\/strong>  er 21 \u00e5r og professionel danser. Hun er med i en dansetrup i Kibera,  hvor hun er f\u00f8dt og opvokset og ogs\u00e5 bor i dag. Hun er f\u00e6rdig med  gymnasiet og har p.t. tid til selv at danse og v\u00e6re tr\u00e6ner og dansel\u00e6rer  for b\u00f8rn og unge i Nafsi. Sammen med sin dansetrup fra Kibera optr\u00e6der  hun med traditionelle danse og skuespil. \u201dAt danse er min energikilde\u201d,  siger hun.  <\/figcaption><\/figure>\n\n\n\n<figure class=\"wp-block-image\"><img loading=\"lazy\" decoding=\"async\" width=\"1024\" height=\"744\" src=\"https:\/\/www.globalkids.dk\/wp-content\/uploads\/2019\/07\/Emma1-red-1024x744.jpg\" alt=\"\" class=\"wp-image-2249\" srcset=\"https:\/\/www.globalkids.dk\/wp-content\/uploads\/2019\/07\/Emma1-red-1024x744.jpg 1024w, https:\/\/www.globalkids.dk\/wp-content\/uploads\/2019\/07\/Emma1-red-300x218.jpg 300w, https:\/\/www.globalkids.dk\/wp-content\/uploads\/2019\/07\/Emma1-red-768x558.jpg 768w, https:\/\/www.globalkids.dk\/wp-content\/uploads\/2019\/07\/Emma1-red.jpg 1718w\" sizes=\"auto, (max-width: 1024px) 100vw, 1024px\" \/><figcaption><strong>Emma Wairimu Mureithi,<\/strong>  er 22 \u00e5r og b\u00e5de &nbsp;danser og perkussionist. Hun begyndte at danse, da  hun var helt ung, og er i dag en af de bedste dansere i slumkvarteret  Babadogo. Hun underviser b\u00f8rn og unge i dans og trommespil og har selv  optr\u00e5dt p\u00e5 st\u00f8rre scener i Kenya og andre steder i \u00d8stafrika. \u201dAt f\u00e5 lov  til at rejse til Europa er som en dr\u00f8m, der bliver til virkelighed\u201d,  siger hun.<\/figcaption><\/figure>\n\n\n\n<figure class=\"wp-block-image\"><img loading=\"lazy\" decoding=\"async\" width=\"1024\" height=\"683\" src=\"https:\/\/www.globalkids.dk\/wp-content\/uploads\/2019\/06\/Kenneth-Owino-1024x683.jpg\" alt=\"\" class=\"wp-image-2215\" srcset=\"https:\/\/www.globalkids.dk\/wp-content\/uploads\/2019\/06\/Kenneth-Owino-1024x683.jpg 1024w, https:\/\/www.globalkids.dk\/wp-content\/uploads\/2019\/06\/Kenneth-Owino-300x200.jpg 300w, https:\/\/www.globalkids.dk\/wp-content\/uploads\/2019\/06\/Kenneth-Owino-768x512.jpg 768w\" sizes=\"auto, (max-width: 1024px) 100vw, 1024px\" \/><figcaption> <strong>Kenneth Obura Owino<\/strong>  &nbsp;er akrobat, entertainer og tr\u00e6ner. Han var med til at grundl\u00e6gge Nafsi  Africa og har lige siden bidraget til, at fattige b\u00f8rn og unge kunne f\u00e5  flere muligheder i livet. Han er ofte at finde ved Nafsis forskellige  tr\u00e6ningssteder i Nairobi. Han har turneret i Danmark og Europa utallige  gange som professionel akrobat, og skal nu for f\u00f8rste gang turnere  internationalt med en ungdomstrup. <\/figcaption><\/figure>\n","protected":false},"excerpt":{"rendered":"<p>Nafsi Youngsters 2019. Fotos af gruppens medlemmer nedenfor. Nafsi har lavet en lille film om gruppen, inden de unge forlod Nairobi &#8211; Om forventninger f\u00f8r rejsen, om h\u00e5rd tr\u00e6ning og om livet i slummen.<\/p>\n","protected":false},"author":3,"featured_media":0,"parent":1767,"menu_order":0,"comment_status":"closed","ping_status":"closed","template":"","meta":{"_genesis_hide_title":false,"_genesis_hide_breadcrumbs":false,"_genesis_hide_singular_image":false,"_genesis_hide_footer_widgets":false,"_genesis_custom_body_class":"","_genesis_custom_post_class":"","_genesis_layout":"","footnotes":""},"class_list":{"0":"post-2194","1":"page","2":"type-page","3":"status-publish","5":"entry"},"_links":{"self":[{"href":"https:\/\/www.globalkids.dk\/wp-json\/wp\/v2\/pages\/2194","targetHints":{"allow":["GET"]}}],"collection":[{"href":"https:\/\/www.globalkids.dk\/wp-json\/wp\/v2\/pages"}],"about":[{"href":"https:\/\/www.globalkids.dk\/wp-json\/wp\/v2\/types\/page"}],"author":[{"embeddable":true,"href":"https:\/\/www.globalkids.dk\/wp-json\/wp\/v2\/users\/3"}],"replies":[{"embeddable":true,"href":"https:\/\/www.globalkids.dk\/wp-json\/wp\/v2\/comments?post=2194"}],"version-history":[{"count":8,"href":"https:\/\/www.globalkids.dk\/wp-json\/wp\/v2\/pages\/2194\/revisions"}],"predecessor-version":[{"id":2294,"href":"https:\/\/www.globalkids.dk\/wp-json\/wp\/v2\/pages\/2194\/revisions\/2294"}],"up":[{"embeddable":true,"href":"https:\/\/www.globalkids.dk\/wp-json\/wp\/v2\/pages\/1767"}],"wp:attachment":[{"href":"https:\/\/www.globalkids.dk\/wp-json\/wp\/v2\/media?parent=2194"}],"curies":[{"name":"wp","href":"https:\/\/api.w.org\/{rel}","templated":true}]}}